 -348. Let k(n) = -n - 8. What is k(f)?
2
Let p(n) = 13*n**3 - 4*n**2 - 25*n + 10. Let x(d) = -7*d**3 + 2*d**2 + 13*d - 5. Let a(y) = 6*p(y) + 11*x(y). Let m = -37 - -62. Let h = 29 - m. What is a(h)?
9
Let f(v) = v - 5. Let s = 361 + -342. Let g = 11 + 0. Let r = s - g. What is f(r)?
3
Let c(y) = -3*y**3 + y**2 + 8*y - 2. Let f(w) = 7*w**3 - w**2 - 17*w + 4. Let s(i) = -9*c(i) - 4*f(i). Determine s(-5).
22
Let g(o) = -o**3 + 5*o**2 + 5*o - 5. Let i(s) = s**2 + 54*s + 103. Let y be i(-2). Let r be (48/6)/(1 - y). What is g(r)?
31
Suppose 0 = 2*s - 6*s + 24, -20 = k - 3*s. Let i(r) = -r**3 - 3*r**2 - 5*r - 2. Let w(g) = g**3 + 5*g**2 + 9*g + 4. Let j(l) = 5*i(l) + 3*w(l). Give j(k).
14
Let c = -32 + 29. Let w be (28/8 + c)*0. Suppose 5*x = w, -2*g = -0*x + 2*x. Let h(j) = -j**3 + j - 20. Calculate h(g).
-20
Let v(l) = -l**2 - 16*l - 83. Let j be (-2)/(-5)*(-5 + ((-2430)/12)/9). Give v(j).
-28
Let h(y) = -27*y**3 - 6*y**2 - 29*y - 17. Let x(m) = -17*m**3 - 4*m**2 - 19*m - 12. Let r(i) = -5*h(i) + 8*x(i). What is r(-3)?
19
Suppose 2*f - 2*u + 4*u = 14, 5*u = 2*f - 7. Let g be (1 - -1) + f + 0. Let x(l) = 0 + 7 - 2*l**2 - g + 3*l - 2 - l**3. What is x(-3)?
-3
Let q(t) = 2*t**2 - t. Let g = 140 - 134. Suppose 4 = -g*w + 7*w. What is q(w)?
28
Suppose -507*v - 396 = -529*v. Let t(b) = -b**2 + 15*b + 7. What is t(v)?
-47
Let p(v) be the third derivative of -v**4/24 - v**3/3 - 633*v**2. Let g(n) = -10*n - 163. Let y be g(-17). Give p(y).
-9
Let g be (-66)/88 - 5/4*1. Let m(a) = -2*a**2 + a + 1. Let x(u) = -5*u**2 - 4*u + 1. Let l(y) = g*m(y) + x(y). Calculate l(-4).
7
Let s(i) be the third derivative of -i**6/60 - i**5 + 5*i**4/24 + 76*i**3/3 - 3*i**2 + 24*i + 64. Determine s(-30).
2
Let p(i) = 6*i**2 + 9*i + 16. Let s = 22318 - 22320. Give p(s).
22
Let a(n) = -n**2 + 11*n + 10. Let t be a(-1). Let q(p) = 19*p + 43. Let b be q(t). Let v(y) = -6 + 13 + y - 3*y. Determine v(b).
-3
Suppose 10*g - 7*g - 74 = -2*y, 46 = 2*g - 2*y. Let k(z) = -1 - 25*z + 0 + 82*z - 26*z - g*z. Determine k(5).
34
Suppose -2*l = -4*l - 4*f - 2, -3*l + f + 18 = 0. Let k(t) be the second derivative of -t**4/12 + t**3/2 + 2*t**2 - 24*t - 2. What is k(l)?
-6
Let j(m) = -86 + 7*m**2 - 85 + 3*m + m**2 + 174 - 4*m. Determine j(3).
72
Let g = 2590 - 2585. Let t(w) = -w**3 + 5*w**2 - 8*w + 9. What is t(g)?
-31
Let m be -1 + -1 - (55 + -36 + -17). Let c(r) = r**3 + 5*r**2 + 2*r - 6. Give c(m).
2
Let g(x) = x**3 + 2*x**2 - x + 1. Let f(r) = -9*r + 42. Let c be ((-10)/4)/((-1)/2). Let y be f(c). What is g(y)?
-5
Let t(j) = j**3 + 9*j**2 + 7*j - 9. Let y(f) = f**3 + 21*f**2 + 82*f + 24. Let i = -539 - -523. Let z be y(i). Calculate t(z).
-1
Let t(s) be the first derivative of s**6/120 - s**5/15 - s**4/6 + s**3/6 - s**2 - 8*s - 35. Let r(p) be the second derivative of t(p). Give r(5).
6
Suppose -1324 = 184*v - 51*v - 393. Let m(y) = y**3 + 5*y**2 - 19*y - 16. What is m(v)?
19
Let n(y) = 5*y**2 - 6*y + 8. Let m be n(2). Suppose -6*d = -m*d + 10. Let j(v) = -6*v**3 + v - 1. Let a be j(d). Let q(b) = b**2 + 7*b - 1. Determine q(a).
-7
Let c(h) = 9*h**2 - 1. Let a = -23 + 32. Suppose -18 = -3*l - a. Suppose -4*g + 3*m = 7, -g - l*m - 2 = 4*g. What is c(g)?
8
Let r = -108 + 30. Let q be (4/(-5))/((r/(-45))/(-13)). Let k(f) be the first derivative of f**4/4 - 5*f**3/3 - 5*f**2/2 - 5*f + 8. What is k(q)?
1
Let k be (2/4)/((-3)/24). Let b(p) = -5*p - 3. Let c be 90/(-105) - (-82)/14. Let r(y) = -6*y - 4. Let h(x) = c*b(x) + k*r(x). What is h(-5)?
6
Suppose -30*s + 25 = -65. Let p(l) = -5*l**2 - 7*l. What is p(s)?
-66
Let z(f) be the third derivative of -f**5/20 - f**4/6 - f**3/3 - f**2. Suppose 3*s + 4*k - 100 = 0, 5*s + k - 29 - 166 = 0. Let u = 38 - s. Give z(u).
-6
Let h = 34 - 21. Suppose -3*k - 3*x + h = -2, 4*k - 28 = 4*x. Let n(t) = -16 - 8*t**2 + 5 + 8*t + 0*t**3 + t**3 + k. Calculate n(7).
2
Suppose 0 = -5*d + 16 + 19. Let p(s) = 2*s + 919 - 235 - 236 - 455. Calculate p(d).
7
Let n(s) = 0*s**2 - 2*s**3 + 3*s**3 - 20 - 33*s + 48*s + 15 + 14*s**2. Give n(-13).
-31
Let o(w) = 18*w**2 + 243*w - 124. Let j be o(-14). Let s(c) be the second derivative of -1/12*c**4 + 0 + 1/6*c**3 + c**j + 12*c. Give s(-2).
-4
Let b(m) = 2*m**2 - 3*m + 5. Let c(d) = 7*d - 4 + 6*d - 13*d + d. Let i be c(-4). Let f(u) = -2*u**2 - 18*u - 12. Let o be f(i). Determine b(o).
25
Let b(z) = 1 - 203*z + 104*z - z**2 + 89*z. Suppose 4*l = 5*v - 8, l + 3 = v - 0. What is b(l)?
22
Let q(n) = n**3 + 7*n**2 + 6*n + 2. Suppose -j = -3*y - 7, -5*y - 87 + 67 = 0. Calculate q(j).
22
Let o(u) = -u + 5. Suppose -6*t + 8*t + j - 31 = 0, -t + 3*j = -33. Let a be t/(-21)*(62/(-6) + 1). Determine o(a).
-3
Let t(j) = -j**2 + j + 1. Let f(o) = 9*o + 3*o**2 - 1039 + 1019 + o**2 - o**2. Let h(p) = -f(p) - 5*t(p). Give h(6).
3
Let a(i) = -i**2 - 15*i + 1. Let f be -17 + -1 + 2 - (-19 + 18). Let g be a(f). Let p(k) = 4*k**2 - 2*k**2 - 4*k**2 - g - k + 3*k**2. Give p(-3).
11
Let z(q) = q**3 + 6*q**2 + 6*q + 7. Let f be z(-5). Let m(g) = -3*g**2 + 2*g - 4. Let r be m(f). Let a = -12 - r. Let w(k) = -k**3 - k**2 - k + 4. What is w(a)?
4
Suppose 22*y - 27*y + 20 = 0. Suppose -5*a + 2*g - y*g = -26, -a + 3*g = 5. Let t = -8 - a. Let h(d) = d**3 + 13*d**2 + 11*d - 16. Calculate h(t).
-4
Let g(b) = b**2 + 6*b + 7. Let y be g(-5). Let i(v) = -5*v**2 + 4*v**2 - 7*v - 1 + 2*v**y. Suppose 26553*q = 26533*q + 100. What is i(q)?
-11
Let p(t) = 3*t**2 - 2*t - 6. Let k(w) = -5*w**2 + w + 11. Let a(b) = 2*k(b) + 3*p(b). Suppose 4*x = -20 - 8. What is a(x)?
-17
Let n(o) = o**3 + 6*o**2 + 2*o + 2. Let l(z) = -173*z + 2590. Let b be l(15). Determine n(b).
17
Let w(m) = m. Let h = 18 + -8. Let n(v) = v**3 - 10*v**2 - v + 5. Let o be n(h). Give w(o).
-5
Let h(s) = 14142954 - 16*s**2 - 14142954 + s. What is h(-3)?
-147
Let n(l) be the third derivative of -l**6/120 - l**5/10 - l**4/4 - 3*l**3/2 + 5177*l**2 - l. What is n(-5)?
-4
Let b(z) be the first derivative of -12*z**2 - 174*z + 159. Let m be b(-7). Let v(f) = f**2 + 7*f + 7. Determine v(m).
1
Let q(t) = -t**3 - 16*t**2 - 59*t + 10. Let w(a) = -4*a. Let u(j) = q(j) - 5*w(j). Give u(-13).
10
Let m(r) = -529*r + 1060. Let k be m(2). Let c(h) be the second derivative of h**4/12 - h**3/2 + h**2 + h. Determine c(k).
0
Let p be -6*3*1/6. Suppose 4*x = 2*f + 2, -8 - 1 = -4*f - 5*x. Let w(k) = 1198*k + 2 - 1195*k + f. Calculate w(p).
-6
Let f(o) be the first derivative of o**4/4 + 4*o**3/3 + o - 13881. Let q(a) = -a + 12. Let k be q(7). Suppose k*s + 13 = -h + 3*s, 10 = -5*h + s. What is f(h)?
10
Let z(n) = -27*n + 1 + 54*n - 18*n + 0. Let y(p) = p**3 - 9*p**2 + 16*p - 15. Let s be y(7). What is z(s)?
-8
Let k(g) = 4*g - 143. Suppose 92*q - 1554 - 1866 = -3*q. Determine k(q).
1
Suppose 12*s - 106 - 37 = 25. Let b(t) be the second derivative of 1/6*t**3 + 0 - s*t - 3/2*t**2. Calculate b(-3).
-6
Let w(u) = -8*u**2 - 3 + 221*u**3 - 4*u - 222*u**3 + 10 - 4 - 4*u. What is w(-6)?
-21
Let a(i) be the third derivative of 0*i - 1/60*i**5 + 1/6*i**3 + 0 + 3/8*i**4 + 26*i**2. What is a(7)?
15
Suppose -382*q = -455*q. Let b(i) = 5*i**2 + 2*i - 14. Calculate b(q).
-14
Let j = -2 - -1. Let v(w) be the first derivative of -w**2 - w + 44514. Give v(j).
1
Let m = 161 + -163. Suppose z - 15 = 2*r, 5 + 29 = 2*z - 5*r. Let k(o) = 56 - 6*o - 27 - z*o - 31. Determine k(m).
24
Let v(k) be the first derivative of -2*k**3/3 - 51*k**2 + 4*k + 4918. Give v(-51).
4
Let z(q) = q**2 + 18*q + 69. Suppose 120*b = -19*b - 1807. What is z(b)?
4
Let k(p) = -2 - 7*p + 60*p**2 + 56*p**2 - 2 + p**3 - 168*p**2 + 57*p**2 - 5. Let c = -5 + -1. Determine k(c).
-3
Suppose -2*d = -10*k + 11*k + 9, -3*k = 2*d + 11. Let n(s) = -11*s - 2. Let i(q) = 9*q + 2. Let j(l) = 4*i(l) + 3*n(l). Determine j(d).
-10
Let m = -2 - -2. Suppose n + 4 + 0 = m. Let y(c) = -900*c**2 + 901*c**2 + 2*c - 5 + 2. What is y(n)?
5
Let c(g) = -4*g + 1. Let z be c(1). Let p(s) = -3*s**2 + s + 348. Let d(w) = -3*w**2 + 2*w + 418. Let h(u) = 5*d(u) - 6*p(u). Calculate h(z).
17
Let c(w) be the second derivative of -w**6/120 + w**5/5 - w**4/2 + 3*w**3/2 - 57*w**2/2 + 24*w - 2. Let h(m) be the first derivative of c(m). What is h(11)?
-2
Let p(j) be the first derivative of -3*j**4/4 - 34*j**3/3 - 8*j**2 - 31*j - 421. Determine p(-11).
24
Let m = 486 - 314. Let l = m + -173. Let o(g) = -7*g**3